{"id":9,"date":"2022-07-22T21:13:04","date_gmt":"2022-07-22T21:13:04","guid":{"rendered":"https:\/\/sumasacha.com\/?page_id=9"},"modified":"2022-07-28T18:13:18","modified_gmt":"2022-07-28T18:13:18","slug":"inicio","status":"publish","type":"page","link":"https:\/\/sumasacha.com\/?lang=es","title":{"rendered":"Inicio"},"content":{"rendered":"\n<div class=\"wp-block-cover alignfull\" style=\"min-height:600px\"><span aria-hidden=\"true\" class=\"wp-block-cover__background has-background-dim-0 has-background-dim\"><\/span><img decoding=\"async\" loading=\"lazy\" width=\"1200\" height=\"800\" class=\"wp-block-cover__image-background wp-image-36\" alt=\"\" src=\"https:\/\/sumasacha.com\/wp-content\/uploads\/2022\/07\/slide.png\" data-object-fit=\"cover\" srcset=\"https:\/\/sumasacha.com\/wp-content\/uploads\/2022\/07\/slide.png 1200w, https:\/\/sumasacha.com\/wp-content\/uploads\/2022\/07\/slide-300x200.png 300w, https:\/\/sumasacha.com\/wp-content\/uploads\/2022\/07\/slide-1024x683.png 1024w, https:\/\/sumasacha.com\/wp-content\/uploads\/2022\/07\/slide-768x512.png 768w, https:\/\/sumasacha.com\/wp-content\/uploads\/2022\/07\/slide-150x100.png 150w\" sizes=\"(max-width: 1200px) 100vw, 1200px\" \/><div class=\"wp-block-cover__inner-container is-layout-flow wp-block-cover-is-layout-flow\">\n<h2 class=\"has-white-color has-text-color wp-block-heading\" style=\"font-size:52px\">SUMA Vida a T\u00fa Vida<\/h2>\n\n\n\n<div style=\"height:11px\" aria-hidden=\"true\" class=\"wp-block-spacer\"><\/div>\n\n\n\n<div class=\"wp-block-buttons is-layout-flex wp-block-buttons-is-layout-flex\">\n<div class=\"wp-block-button has-custom-width wp-block-button__width-25 has-custom-font-size is-style-fill has-normal-font-size\"><a class=\"wp-block-button__link has-white-color has-vivid-green-cyan-background-color has-text-color has-background\" href=\"https:\/\/sumasacha.com\/?page_id=12&amp;lang=es\" target=\"_blank\" rel=\"noreferrer noopener\">\u00a1CON\u00d3CENOS!<\/a><\/div>\n<\/div>\n<\/div><\/div>\n\n\n\n<div style=\"height:73px\" aria-hidden=\"true\" class=\"wp-block-spacer\"><\/div>\n\n\n\n<div class=\"wp-block-columns alignwide is-layout-flex wp-container-6 wp-block-columns-is-layout-flex\">\n<div class=\"wp-block-column is-layout-flow wp-block-column-is-layout-flow\">\n<h2 class=\"has-black-color has-text-color has-x-large-font-size wp-block-heading\">\u00bfQui\u00e9nes somos?<\/h2>\n\n\n\n<p><\/p>\n\n\n\n<p>Somos un Ecosistema Empresaria Agroindustrial Inclusivo en Red, visionado e integrado por un grupo de j\u00f3venes empresarios de Colombia, ye vemos en la Biodiversidad Latinoamericana la oportunidad de satisfacer un mercado creciente de superalimentos. Es decir, productos para el bienestar, la salud y belleza del ser humano.<\/p>\n\n\n\n<div style=\"height:28px\" aria-hidden=\"true\" class=\"wp-block-spacer\"><\/div>\n\n\n\n<div class=\"wp-block-buttons is-layout-flex wp-block-buttons-is-layout-flex\">\n<div class=\"wp-block-button\"><a class=\"wp-block-button__link\" href=\"https:\/\/sumasacha.com\/?page_id=10&amp;lang=es\">Leer m\u00e1s<\/a><\/div>\n<\/div>\n<\/div>\n\n\n\n<div class=\"wp-block-column is-layout-flow wp-block-column-is-layout-flow\">\n<figure class=\"wp-block-image size-full\"><img decoding=\"async\" loading=\"lazy\" width=\"718\" height=\"404\" src=\"https:\/\/sumasacha.com\/wp-content\/uploads\/2022\/07\/IMG-20200913-WA0041.jpg\" alt=\"\" class=\"wp-image-360\" srcset=\"https:\/\/sumasacha.com\/wp-content\/uploads\/2022\/07\/IMG-20200913-WA0041.jpg 718w, https:\/\/sumasacha.com\/wp-content\/uploads\/2022\/07\/IMG-20200913-WA0041-300x169.jpg 300w\" sizes=\"(max-width: 718px) 100vw, 718px\" \/><\/figure>\n<\/div>\n<\/div>\n\n\n\n<div style=\"height:55px\" aria-hidden=\"true\" class=\"wp-block-spacer\"><\/div>\n\n\n\n<div class=\"wp-block-columns are-vertically-aligned-center has-background is-layout-flex wp-container-10 wp-block-columns-is-layout-flex\" style=\"background-color:#f5f2eb\">\n<div class=\"wp-block-column is-vertically-aligned-center is-layout-flow wp-block-column-is-layout-flow\"><div class=\"wp-block-image\">\n<figure class=\"alignright size-full\"><img decoding=\"async\" loading=\"lazy\" width=\"482\" height=\"338\" src=\"https:\/\/sumasacha.com\/wp-content\/uploads\/2022\/07\/semilla-1.png\" alt=\"\" class=\"wp-image-60\" srcset=\"https:\/\/sumasacha.com\/wp-content\/uploads\/2022\/07\/semilla-1.png 482w, https:\/\/sumasacha.com\/wp-content\/uploads\/2022\/07\/semilla-1-300x210.png 300w\" sizes=\"(max-width: 482px) 100vw, 482px\" \/><\/figure><\/div><\/div>\n\n\n\n<div class=\"wp-block-column is-vertically-aligned-center is-layout-flow wp-block-column-is-layout-flow\">\n<h2 class=\"has-black-color has-text-color has-huge-font-size wp-block-heading\">\u00bfYa conoces los beneficios de la semilla de Sacha Inchi?<\/h2>\n\n\n\n<div style=\"height:19px\" aria-hidden=\"true\" class=\"wp-block-spacer\"><\/div>\n\n\n\n<div class=\"wp-block-buttons is-layout-flex wp-block-buttons-is-layout-flex\">\n<div class=\"wp-block-button\"><a class=\"wp-block-button__link\" href=\"https:\/\/sumasacha.com\/?page_id=221&amp;lang=es\">DESC\u00daBRELOS<\/a><\/div>\n<\/div>\n<\/div>\n<\/div>\n\n\n\n<div style=\"height:50px\" aria-hidden=\"true\" class=\"wp-block-spacer\"><\/div>\n\n\n\n<h2 class=\"has-text-align-center has-black-color has-text-color has-huge-font-size wp-block-heading\">Productos Nuevos<\/h2>\n\n\n\n<p class=\"has-text-align-center has-text-color has-normal-font-size\" style=\"color:#555555\">L\u00edderes mundiales en Sacha Inchi y sus derivados<\/p>\n\n\n\n<div style=\"height:46px\" aria-hidden=\"true\" class=\"wp-block-spacer\"><\/div>\n\n\n\n<div class=\"wp-block-columns is-layout-flex wp-container-27 wp-block-columns-is-layout-flex\">\n<div class=\"wp-block-column is-layout-flow wp-block-column-is-layout-flow\">\n<div class=\"wp-block-columns alignwide is-layout-flex wp-container-17 wp-block-columns-is-layout-flex\">\n<div class=\"wp-block-column is-layout-flow wp-block-column-is-layout-flow\">\n<div class=\"wp-block-cover\" style=\"min-height:306px\"><span aria-hidden=\"true\" class=\"wp-block-cover__background has-cyan-bluish-gray-background-color has-background-dim-0 has-background-dim\"><\/span><img decoding=\"async\" loading=\"lazy\" width=\"480\" height=\"480\" class=\"wp-block-cover__image-background wp-image-344\" alt=\"\" src=\"https:\/\/sumasacha.com\/wp-content\/uploads\/2022\/07\/oganic-sacha-inchi-toasted-nuts-1.png\" data-object-fit=\"cover\" srcset=\"https:\/\/sumasacha.com\/wp-content\/uploads\/2022\/07\/oganic-sacha-inchi-toasted-nuts-1.png 480w, https:\/\/sumasacha.com\/wp-content\/uploads\/2022\/07\/oganic-sacha-inchi-toasted-nuts-1-300x300.png 300w, https:\/\/sumasacha.com\/wp-content\/uploads\/2022\/07\/oganic-sacha-inchi-toasted-nuts-1-150x150.png 150w\" sizes=\"(max-width: 480px) 100vw, 480px\" \/><div class=\"wp-block-cover__inner-container is-layout-flow wp-block-cover-is-layout-flow\">\n<p class=\"has-text-align-center has-large-font-size\"><\/p>\n<\/div><\/div>\n\n\n\n<h2 class=\"has-text-align-center has-medium-font-size wp-block-heading\">Nueces Saladas Org\u00e1nicas de Sacha Inchi <\/h2>\n\n\n\n<div class=\"wp-block-buttons is-horizontal is-content-justification-center is-layout-flex wp-container-12 wp-block-buttons-is-layout-flex\"><\/div>\n<\/div>\n\n\n\n<div class=\"wp-block-column is-layout-flow wp-block-column-is-layout-flow\">\n<div class=\"wp-block-cover is-light\" style=\"min-height:306px\"><span aria-hidden=\"true\" class=\"wp-block-cover__background has-luminous-vivid-amber-background-color has-background-dim-0 has-background-dim\"><\/span><img decoding=\"async\" loading=\"lazy\" width=\"800\" height=\"800\" class=\"wp-block-cover__image-background wp-image-346\" alt=\"\" src=\"https:\/\/sumasacha.com\/wp-content\/uploads\/2022\/07\/sacha-inchi-oil-3.png\" data-object-fit=\"cover\" srcset=\"https:\/\/sumasacha.com\/wp-content\/uploads\/2022\/07\/sacha-inchi-oil-3.png 800w, https:\/\/sumasacha.com\/wp-content\/uploads\/2022\/07\/sacha-inchi-oil-3-300x300.png 300w, https:\/\/sumasacha.com\/wp-content\/uploads\/2022\/07\/sacha-inchi-oil-3-150x150.png 150w, https:\/\/sumasacha.com\/wp-content\/uploads\/2022\/07\/sacha-inchi-oil-3-768x768.png 768w\" sizes=\"(max-width: 800px) 100vw, 800px\" \/><div class=\"wp-block-cover__inner-container is-layout-flow wp-block-cover-is-layout-flow\">\n<p class=\"has-text-align-center has-large-font-size\"><\/p>\n<\/div><\/div>\n\n\n\n<h2 class=\"has-text-align-center has-medium-font-size wp-block-heading\">Aceite org\u00e1nico de Sacha Inchi (250 ml)<\/h2>\n\n\n\n<div class=\"wp-block-buttons is-horizontal is-content-justification-center is-layout-flex wp-container-15 wp-block-buttons-is-layout-flex\"><\/div>\n<\/div>\n<\/div>\n<\/div>\n\n\n\n<div class=\"wp-block-column is-layout-flow wp-block-column-is-layout-flow\">\n<div class=\"wp-block-columns alignwide is-layout-flex wp-container-25 wp-block-columns-is-layout-flex\">\n<div class=\"wp-block-column is-layout-flow wp-block-column-is-layout-flow\">\n<div class=\"wp-block-cover is-light\" style=\"min-height:305px\"><span aria-hidden=\"true\" class=\"wp-block-cover__background has-light-green-cyan-background-color has-background-dim-0 has-background-dim\"><\/span><img decoding=\"async\" loading=\"lazy\" width=\"480\" height=\"480\" class=\"wp-block-cover__image-background wp-image-347\" alt=\"\" src=\"https:\/\/sumasacha.com\/wp-content\/uploads\/2022\/07\/organic-sacha-inchi-nuts-1.png\" data-object-fit=\"cover\" srcset=\"https:\/\/sumasacha.com\/wp-content\/uploads\/2022\/07\/organic-sacha-inchi-nuts-1.png 480w, https:\/\/sumasacha.com\/wp-content\/uploads\/2022\/07\/organic-sacha-inchi-nuts-1-300x300.png 300w, https:\/\/sumasacha.com\/wp-content\/uploads\/2022\/07\/organic-sacha-inchi-nuts-1-150x150.png 150w\" sizes=\"(max-width: 480px) 100vw, 480px\" \/><div class=\"wp-block-cover__inner-container is-layout-flow wp-block-cover-is-layout-flow\">\n<p class=\"has-text-align-center has-large-font-size\"><\/p>\n<\/div><\/div>\n\n\n\n<h2 class=\"has-text-align-center has-medium-font-size wp-block-heading\">Nueces Naturales Org\u00e1nicas de Sacha Inchi<\/h2>\n\n\n\n<div class=\"wp-block-buttons is-horizontal is-content-justification-center is-layout-flex wp-container-20 wp-block-buttons-is-layout-flex\"><\/div>\n<\/div>\n\n\n\n<div class=\"wp-block-column is-layout-flow wp-block-column-is-layout-flow\">\n<div class=\"wp-block-cover\" style=\"min-height:303px\"><span aria-hidden=\"true\" class=\"wp-block-cover__background has-pale-cyan-blue-background-color has-background-dim-0 has-background-dim\"><\/span><img decoding=\"async\" loading=\"lazy\" width=\"480\" height=\"480\" class=\"wp-block-cover__image-background wp-image-364\" alt=\"\" src=\"https:\/\/sumasacha.com\/wp-content\/uploads\/2022\/07\/sacha-inchi-con-chile.png\" data-object-fit=\"cover\" srcset=\"https:\/\/sumasacha.com\/wp-content\/uploads\/2022\/07\/sacha-inchi-con-chile.png 480w, https:\/\/sumasacha.com\/wp-content\/uploads\/2022\/07\/sacha-inchi-con-chile-300x300.png 300w, https:\/\/sumasacha.com\/wp-content\/uploads\/2022\/07\/sacha-inchi-con-chile-150x150.png 150w\" sizes=\"(max-width: 480px) 100vw, 480px\" \/><div class=\"wp-block-cover__inner-container is-layout-flow wp-block-cover-is-layout-flow\">\n<p class=\"has-text-align-center has-large-font-size\"><\/p>\n<\/div><\/div>\n\n\n\n<h2 class=\"has-text-align-center has-medium-font-size wp-block-heading\">Nueces con chile Org\u00e1nicas de Sacha lnchi<\/h2>\n\n\n\n<div class=\"wp-block-buttons is-horizontal is-content-justification-center is-layout-flex wp-container-23 wp-block-buttons-is-layout-flex\"><\/div>\n<\/div>\n<\/div>\n<\/div>\n<\/div>\n\n\n\n<div style=\"height:42px\" aria-hidden=\"true\" class=\"wp-block-spacer\"><\/div>\n\n\n\n<div class=\"wp-block-columns are-vertically-aligned-center has-background is-layout-flex wp-container-29 wp-block-columns-is-layout-flex\" style=\"background-color:#f5f2eb\">\n<div class=\"wp-block-column is-vertically-aligned-center is-layout-flow wp-block-column-is-layout-flow\">\n<div style=\"height:27px\" aria-hidden=\"true\" class=\"wp-block-spacer\"><\/div>\n\n\n<div class=\"wp-block-image is-style-rounded\">\n<figure class=\"aligncenter size-thumbnail\"><img decoding=\"async\" loading=\"lazy\" width=\"150\" height=\"150\" src=\"https:\/\/sumasacha.com\/wp-content\/uploads\/2022\/07\/Captura-de-Pantalla-2022-07-25-a-las-17.03.07-150x150.png\" alt=\"\" class=\"wp-image-168\"\/><\/figure><\/div>\n\n\n<p class=\"has-text-align-center has-black-color has-text-color\" style=\"font-size:28px\"><em>&#8220;El aceite de Sacha Inchi mejor\u00f3 mi metabolismo y mi sistema en general&#8221;<\/em><\/p>\n\n\n\n<p class=\"has-text-align-center\" style=\"font-size:18px\"><strong>-Ana S\u00e1nchez<\/strong><\/p>\n\n\n\n<div style=\"height:27px\" aria-hidden=\"true\" class=\"wp-block-spacer\"><\/div>\n<\/div>\n<\/div>\n\n\n\n<div style=\"height:51px\" aria-hidden=\"true\" class=\"wp-block-spacer\"><\/div>\n\n\n\n<h2 class=\"has-text-align-center has-black-color has-text-color has-x-large-font-size wp-block-heading\">\u00bfC\u00f3mo podemos ayudarte?<\/h2>\n\n\n\n<p class=\"has-text-align-center has-text-color has-normal-font-size\" style=\"color:#555555\">Preguntas Frecuentes<\/p>\n\n\n\n<div style=\"height:59px\" aria-hidden=\"true\" class=\"wp-block-spacer\"><\/div>\n\n\n\n<div class=\"wp-block-columns alignwide is-layout-flex wp-container-34 wp-block-columns-is-layout-flex\">\n<div class=\"wp-block-column is-layout-flow wp-block-column-is-layout-flow\">\n<h2 class=\"has-text-align-center has-black-color has-text-color has-medium-font-size wp-block-heading\">\u00bfQu\u00e9 es Sacha Inchi?<\/h2>\n\n\n\n<p class=\"has-text-align-center\">La Sacha Inchi (Plukenetia Volubilis) es una planta nativa de la selva amaz\u00f3nica (Wanh et. al,. 2018) que da un fruto en forma de estrella y&#8230;&nbsp;<\/p>\n\n\n\n<div style=\"height:20px\" aria-hidden=\"true\" class=\"wp-block-spacer\"><\/div>\n\n\n\n<div class=\"wp-block-buttons is-layout-flex wp-block-buttons-is-layout-flex\">\n<div class=\"wp-block-button aligncenter\"><a class=\"wp-block-button__link\" href=\"https:\/\/sumasacha.com\/?page_id=221\" rel=\"https:\/\/sumasacha.com\/?page_id=221\">Leer m\u00e1s<\/a><\/div>\n<\/div>\n\n\n\n<div style=\"height:52px\" aria-hidden=\"true\" class=\"wp-block-spacer\"><\/div>\n<\/div>\n\n\n\n<div class=\"wp-block-column is-layout-flow wp-block-column-is-layout-flow\">\n<h2 class=\"has-text-align-center has-black-color has-text-color has-medium-font-size wp-block-heading\">\u00bfD\u00f3nde se cultiva la Sacha Inchi?<\/h2>\n\n\n\n<p class=\"has-text-align-center\">La Sacha Inchi se cultiva principalmente en pa\u00edses como Colombia, Ecuador y Per\u00fa, pero tambi\u00e9n se encuentra en otras regiones como&#8230;<\/p>\n\n\n\n<div style=\"height:20px\" aria-hidden=\"true\" class=\"wp-block-spacer\"><\/div>\n\n\n\n<div class=\"wp-block-buttons is-layout-flex wp-block-buttons-is-layout-flex\">\n<div class=\"wp-block-button aligncenter\"><a class=\"wp-block-button__link\" href=\"https:\/\/sumasacha.com\/?page_id=221\" rel=\"https:\/\/sumasacha.com\/?page_id=221\">Leer m\u00e1s<\/a><\/div>\n<\/div>\n\n\n\n<div style=\"height:52px\" aria-hidden=\"true\" class=\"wp-block-spacer\"><\/div>\n<\/div>\n<\/div>\n\n\n\n<div class=\"wp-block-columns alignwide is-layout-flex wp-container-39 wp-block-columns-is-layout-flex\">\n<div class=\"wp-block-column is-layout-flow wp-block-column-is-layout-flow\">\n<h2 class=\"has-text-align-center has-black-color has-text-color has-medium-font-size wp-block-heading\">\u00bfEsta Sacha Inchi es org\u00e1nica?<\/h2>\n\n\n\n<p class=\"has-text-align-center\">S\u00ed, toda la producci\u00f3n de nuestros agricultores se produce de forma org\u00e1nica. Contamos con certificaci\u00f3n de ECOCERT en las normas&#8230;<\/p>\n\n\n\n<div style=\"height:21px\" aria-hidden=\"true\" class=\"wp-block-spacer\"><\/div>\n\n\n\n<div class=\"wp-block-buttons is-layout-flex wp-block-buttons-is-layout-flex\">\n<div class=\"wp-block-button aligncenter\"><a class=\"wp-block-button__link\" href=\"https:\/\/sumasacha.com\/?page_id=221\" rel=\"https:\/\/sumasacha.com\/?page_id=221\">Leer m\u00e1s<\/a><\/div>\n<\/div>\n\n\n\n<div style=\"height:21px\" aria-hidden=\"true\" class=\"wp-block-spacer\"><\/div>\n<\/div>\n\n\n\n<div class=\"wp-block-column is-layout-flow wp-block-column-is-layout-flow\">\n<h2 class=\"has-text-align-center has-black-color has-text-color has-medium-font-size wp-block-heading\">\u00bfQu\u00e9 contiene la semilla Sacha Inchi?<\/h2>\n\n\n\n<p class=\"has-text-align-center\">La semilla Sacha Inchi tiene unas caracter\u00edsticas muy particulares y \u00fanicas, su mayor composici\u00f3n es la fracci\u00f3n l\u00edpidica&#8230;<\/p>\n\n\n\n<div style=\"height:20px\" aria-hidden=\"true\" class=\"wp-block-spacer\"><\/div>\n\n\n\n<div class=\"wp-block-buttons is-layout-flex wp-block-buttons-is-layout-flex\">\n<div class=\"wp-block-button aligncenter\"><a class=\"wp-block-button__link\" href=\"https:\/\/sumasacha.com\/?page_id=221\" rel=\"https:\/\/sumasacha.com\/?page_id=221\">Leer m\u00e1s<\/a><\/div>\n<\/div>\n\n\n\n<div style=\"height:20px\" aria-hidden=\"true\" class=\"wp-block-spacer\"><\/div>\n<\/div>\n<\/div>\n\n\n\n<div style=\"height:88px\" aria-hidden=\"true\" class=\"wp-block-spacer\"><\/div>\n\n\n\n<h2 class=\"has-text-align-center has-black-color has-text-color has-x-large-font-size wp-block-heading\">Comun\u00edcate con nosotros<\/h2>\n\n\n\n<p class=\"has-text-align-center has-text-color has-normal-font-size\" style=\"color:#555555\">En breve nos comunicamos contigo<\/p>\n\n\n\n<div style=\"height:72px\" aria-hidden=\"true\" class=\"wp-block-spacer\"><\/div>\n\n\n\n<div class=\"wp-block-columns is-layout-flex wp-container-42 wp-block-columns-is-layout-flex\">\n<div class=\"wp-block-column is-layout-flow wp-block-column-is-layout-flow\" style=\"flex-basis:33.33%\">\n<p class=\"has-text-align-center has-medium-font-size\"><strong>Tel\u00e9fonos:<\/strong> <\/p>\n\n\n\n<div style=\"height:15px\" aria-hidden=\"true\" class=\"wp-block-spacer\"><\/div>\n\n\n\n<p class=\"has-text-align-center\">+57 314 700 2300 \/ +57 314 785 5662<\/p>\n\n\n\n<div style=\"height:15px\" aria-hidden=\"true\" class=\"wp-block-spacer\"><\/div>\n\n\n<div class=\"wp-block-image\">\n<figure class=\"aligncenter size-medium\"><img decoding=\"async\" loading=\"lazy\" width=\"300\" height=\"78\" src=\"https:\/\/sumasacha.com\/wp-content\/uploads\/2022\/07\/Horizontal-logo@2x-300x78.png\" alt=\"\" class=\"wp-image-6\" srcset=\"https:\/\/sumasacha.com\/wp-content\/uploads\/2022\/07\/Horizontal-logo@2x-300x78.png 300w, https:\/\/sumasacha.com\/wp-content\/uploads\/2022\/07\/Horizontal-logo@2x-1024x268.png 1024w, https:\/\/sumasacha.com\/wp-content\/uploads\/2022\/07\/Horizontal-logo@2x-768x201.png 768w, https:\/\/sumasacha.com\/wp-content\/uploads\/2022\/07\/Horizontal-logo@2x.png 1258w\" sizes=\"(max-width: 300px) 100vw, 300px\" \/><\/figure><\/div><\/div>\n\n\n\n<div class=\"wp-block-column is-layout-flow wp-block-column-is-layout-flow\" style=\"flex-basis:66.66%\"><div class=\"wpforms-container wpforms-container-full\" id=\"wpforms-187\"><form id=\"wpforms-form-187\" class=\"wpforms-validate wpforms-form wpforms-ajax-form\" data-formid=\"187\" method=\"post\" enctype=\"multipart\/form-data\" action=\"\/index.php?rest_route=%2Fwp%2Fv2%2Fpages%2F9\" data-token=\"c091009c71f3ea96f7b739f948d87fa5\"><noscript class=\"wpforms-error-noscript\">Please enable JavaScript in your browser to complete this form.<\/noscript><div class=\"wpforms-field-container\"><div id=\"wpforms-187-field_0-container\" class=\"wpforms-field wpforms-field-name\" data-field-id=\"0\"><label class=\"wpforms-field-label\" for=\"wpforms-187-field_0\">Nombre <span class=\"wpforms-required-label\">*<\/span><\/label><input type=\"text\" id=\"wpforms-187-field_0\" class=\"wpforms-field-medium wpforms-field-required\" name=\"wpforms[fields][0]\" required><\/div><div id=\"wpforms-187-field_1-container\" class=\"wpforms-field wpforms-field-email\" data-field-id=\"1\"><label class=\"wpforms-field-label\" for=\"wpforms-187-field_1\">Email <span class=\"wpforms-required-label\">*<\/span><\/label><input type=\"email\" id=\"wpforms-187-field_1\" class=\"wpforms-field-medium wpforms-field-required\" name=\"wpforms[fields][1]\" required><\/div><div id=\"wpforms-187-field_2-container\" class=\"wpforms-field wpforms-field-textarea\" data-field-id=\"2\"><label class=\"wpforms-field-label\" for=\"wpforms-187-field_2\">Mensaje<\/label><textarea id=\"wpforms-187-field_2\" class=\"wpforms-field-medium\" name=\"wpforms[fields][2]\" ><\/textarea><\/div><\/div><div class=\"wpforms-submit-container\"><input type=\"hidden\" name=\"wpforms[id]\" value=\"187\"><input type=\"hidden\" name=\"wpforms[author]\" value=\"1\"><button type=\"submit\" name=\"wpforms[submit]\" id=\"wpforms-submit-187\" class=\"wpforms-submit\" data-alt-text=\"Sending...\" data-submit-text=\"Submit\" aria-live=\"assertive\" value=\"wpforms-submit\">Submit<\/button><img src=\"https:\/\/sumasacha.com\/wp-content\/plugins\/wpforms-lite\/assets\/images\/submit-spin.svg\" class=\"wpforms-submit-spinner\" style=\"display: none;\" width=\"26\" height=\"26\" alt=\"\"><\/div><\/form><\/div>  <!-- .wpforms-container --><\/div>\n<\/div>\n","protected":false},"excerpt":{"rendered":"<p>\u00bfQui\u00e9nes somos? Somos un Ecosistema Empresaria Agroindustrial Inclusivo en Red, visionado e integrado por un grupo de j\u00f3venes empresarios de Colombia, ye vemos en la Biodiversidad Latinoamericana la oportunidad de satisfacer un mercado creciente de superalimentos. Es decir, productos para el bienestar, la salud y belleza del ser humano. \u00bfYa conoces los beneficios de la semilla de Sacha Inchi? Productos Nuevos L\u00edderes mundiales en Sacha Inchi y sus derivados Nueces&hellip;<\/p>\n","protected":false},"author":1,"featured_media":0,"parent":0,"menu_order":0,"comment_status":"closed","ping_status":"closed","template":"","meta":{"_eb_attr":"","om_disable_all_campaigns":true,"_monsterinsights_skip_tracking":false,"_monsterinsights_sitenote_active":false,"_monsterinsights_sitenote_note":"","_monsterinsights_sitenote_category":0,"footnotes":""},"aioseo_notices":[],"_links":{"self":[{"href":"https:\/\/sumasacha.com\/index.php?rest_route=\/wp\/v2\/pages\/9"}],"collection":[{"href":"https:\/\/sumasacha.com\/index.php?rest_route=\/wp\/v2\/pages"}],"about":[{"href":"https:\/\/sumasacha.com\/index.php?rest_route=\/wp\/v2\/types\/page"}],"author":[{"embeddable":true,"href":"https:\/\/sumasacha.com\/index.php?rest_route=\/wp\/v2\/users\/1"}],"replies":[{"embeddable":true,"href":"https:\/\/sumasacha.com\/index.php?rest_route=%2Fwp%2Fv2%2Fcomments&post=9"}],"version-history":[{"count":106,"href":"https:\/\/sumasacha.com\/index.php?rest_route=\/wp\/v2\/pages\/9\/revisions"}],"predecessor-version":[{"id":371,"href":"https:\/\/sumasacha.com\/index.php?rest_route=\/wp\/v2\/pages\/9\/revisions\/371"}],"wp:attachment":[{"href":"https:\/\/sumasacha.com\/index.php?rest_route=%2Fwp%2Fv2%2Fmedia&parent=9"}],"curies":[{"name":"wp","href":"https:\/\/api.w.org\/{rel}","templated":true}]}}